{"id":2945,"date":"2024-01-16T11:26:36","date_gmt":"2024-01-16T19:26:36","guid":{"rendered":"https:\/\/artandpractice.org\/?post_type=exhibition&#038;p=2945"},"modified":"2024-08-13T11:34:59","modified_gmt":"2024-08-13T18:34:59","slug":"tatyana-fazlalizadeh-finding-soft-ground","status":"publish","type":"exhibition","link":"https:\/\/www.artandpractice.org\/es\/exhibitions\/exhibition\/tatyana-fazlalizadeh-finding-soft-ground\/","title":{"rendered":"TATYANA FAZLALIZADEH: ENCONTRANDO TERRENO BLANDO"},"content":{"rendered":"<p>Tatyana Fazlalizadeh es una artista interdisciplinaria radicada en Brooklyn cuya pr\u00e1ctica considera la creaci\u00f3n de im\u00e1genes negras como un lugar de protesta, contestaci\u00f3n, afirmaci\u00f3n y posibilidad. <em>Encontrar terreno blando,<\/em> La primera exposici\u00f3n de Fazlalizadeh en Art + Practice (A+P) considera las condiciones, la precariedad y la determinaci\u00f3n imaginativa de la seguridad de las mujeres negras. Utilizando las tres galer\u00edas de A+P, Fazlalizadeh transforma cada espacio en instalaciones distintas que examinan la calle, el hogar y el mundo natural en relaci\u00f3n con el terror y el refugio. las obras en <em>Encontrar terreno blando<\/em>\u2014que incluyen grabados pegados con trigo, pinturas al \u00f3leo, dibujos, una pel\u00edcula de un solo canal y materiales espec\u00edficos del sitio\u2014 tienen sus ra\u00edces en la teor\u00eda feminista negra de Fazlalizadeh.\u00a0<\/p>\n\n\n\n<p><em>Encontrar terreno blando<\/em> se presenta junto con <em>Hablando con las semillas que caen<\/em>, la instalaci\u00f3n del artista de retratos monumentales de mujeres negras de Los \u00c1ngeles pegados en las paredes del atrio del Museo Afroamericano de California (CAAM).<\/p>\n\n\n\n<p>Ambas exposiciones se basan en fotograf\u00edas y conversaciones que tuvieron lugar en la primavera de 2023 mientras Fazlalizadeh viv\u00eda en Los \u00c1ngeles. Los retratos preguntan c\u00f3mo se supone, se construye y se siente la seguridad para los residentes negros de la ciudad.<\/p>\n\n\n\n<p>Esta exposici\u00f3n est\u00e1 comisariada por Essence Harden, curadora de artes visuales, CAAM, y es copresentada por CAAM y A+P como parte de CAAM en A+P, una colaboraci\u00f3n de cinco a\u00f1os.<\/p>\n\n\n\n<p><\/p>","protected":false},"featured_media":0,"template":"","available_media":[],"class_list":["post-2945","exhibition","type-exhibition","status-publish","hentry"],"acf":[],"_links":{"self":[{"href":"https:\/\/www.artandpractice.org\/es\/wp-json\/wp\/v2\/exhibition\/2945","targetHints":{"allow":["GET"]}}],"collection":[{"href":"https:\/\/www.artandpractice.org\/es\/wp-json\/wp\/v2\/exhibition"}],"about":[{"href":"https:\/\/www.artandpractice.org\/es\/wp-json\/wp\/v2\/types\/exhibition"}],"wp:attachment":[{"href":"https:\/\/www.artandpractice.org\/es\/wp-json\/wp\/v2\/media?parent=2945"}],"wp:term":[{"taxonomy":"available_media","embeddable":true,"href":"https:\/\/www.artandpractice.org\/es\/wp-json\/wp\/v2\/available_media?post=2945"}],"curies":[{"name":"wp","href":"https:\/\/api.w.org\/{rel}","templated":true}]}}

<p>Tatyana Fazlalizadeh es una artista interdisciplinaria radicada en Brooklyn cuya práctica considera la creación de imágenes negras como un lugar de protesta, contestación, afirmación y posibilidad. <em>Encontrar terreno blando,</em> La primera exposición de Fazlalizadeh en Art + Practice (A+P) considera las condiciones, la precariedad y la determinación imaginativa de la seguridad de las mujeres negras. Utilizando las tres galerías de A+P, Fazlalizadeh transforma cada espacio en instalaciones distintas que examinan la calle, el hogar y el mundo natural en relación con el terror y el refugio. las obras en <em>Encontrar terreno blando</em>—que incluyen grabados pegados con trigo, pinturas al óleo, dibujos, una película de un solo canal y materiales específicos del sitio— tienen sus raíces en la teoría feminista negra de Fazlalizadeh. </p>



<p><em>Encontrar terreno blando</em> se presenta junto con <em>Hablando con las semillas que caen</em>, la instalación del artista de retratos monumentales de mujeres negras de Los Ángeles pegados en las paredes del atrio del Museo Afroamericano de California (CAAM).</p>



<p>Ambas exposiciones se basan en fotografías y conversaciones que tuvieron lugar en la primavera de 2023 mientras Fazlalizadeh vivía en Los Ángeles. Los retratos preguntan cómo se supone, se construye y se siente la seguridad para los residentes negros de la ciudad.</p>



<p>Esta exposición está comisariada por Essence Harden, curadora de artes visuales, CAAM, y es copresentada por CAAM y A+P como parte de CAAM en A+P, una colaboración de cinco años.</p>



<p></p>
