{"id":211,"date":"2019-10-12T12:07:00","date_gmt":"2019-10-12T19:07:00","guid":{"rendered":"http:\/\/localhost.artandpractice\/?post_type=exhibition&#038;p=211"},"modified":"2022-06-29T11:16:53","modified_gmt":"2022-06-29T18:16:53","slug":"rumination-and-a-reckoning","status":"publish","type":"exhibition","link":"https:\/\/www.artandpractice.org\/es\/exhibitions\/exhibition\/rumination-and-a-reckoning\/","title":{"rendered":"RUMINACI\u00d3N Y RECONOCIMIENTO"},"content":{"rendered":"<p>En el centro de esta exposici\u00f3n, la monumental instalaci\u00f3n <em>Nacimiento de una naci\u00f3n<\/em> (2014) representa a una mujer negra amamantando a un beb\u00e9 blanco contra el tel\u00f3n de fondo de la primera bandera oficial de los Estados Unidos. Suspendida sobre un mont\u00edculo de tierra, la colcha estar\u00e1 rodeada por Towns&#039;s <em>Historia<\/em> <em>Edredones<\/em> (2016-2019), un ciclo de trabajos en telas luminosas y cuentas de vidrio que narran la vida de Nat Turner y la rebeli\u00f3n de 1831 que lider\u00f3 contra la esclavitud. Un par de retratos ovalados acolchados de Nat y Cherry Turner (2018) agregan una dimensi\u00f3n significativa a esta narrativa, considerando el papel de un matrimonio en los eventos hist\u00f3ricos.<\/p>\n\n\n\n<p>Esta exposici\u00f3n es presentada por Art + Practice en colaboraci\u00f3n con el Museo de Arte de Baltimore (BMA) y est\u00e1 comisariada por Cecilia Wichmann, Curadora Asociada de Arte Contempor\u00e1neo en The BMA.<\/p>","protected":false},"featured_media":0,"template":"","available_media":[],"class_list":["post-211","exhibition","type-exhibition","status-publish","hentry"],"acf":[],"_links":{"self":[{"href":"https:\/\/www.artandpractice.org\/es\/wp-json\/wp\/v2\/exhibition\/211","targetHints":{"allow":["GET"]}}],"collection":[{"href":"https:\/\/www.artandpractice.org\/es\/wp-json\/wp\/v2\/exhibition"}],"about":[{"href":"https:\/\/www.artandpractice.org\/es\/wp-json\/wp\/v2\/types\/exhibition"}],"wp:attachment":[{"href":"https:\/\/www.artandpractice.org\/es\/wp-json\/wp\/v2\/media?parent=211"}],"wp:term":[{"taxonomy":"available_media","embeddable":true,"href":"https:\/\/www.artandpractice.org\/es\/wp-json\/wp\/v2\/available_media?post=211"}],"curies":[{"name":"wp","href":"https:\/\/api.w.org\/{rel}","templated":true}]}}

RUMINACIÓN Y RECONOCIMIENTO

<p>En el centro de esta exposición, la monumental instalación <em>Nacimiento de una nación</em> (2014) representa a una mujer negra amamantando a un bebé blanco contra el telón de fondo de la primera bandera oficial de los Estados Unidos. Suspendida sobre un montículo de tierra, la colcha estará rodeada por Towns&#039;s <em>Historia</em> <em>Edredones</em> (2016-2019), un ciclo de trabajos en telas luminosas y cuentas de vidrio que narran la vida de Nat Turner y la rebelión de 1831 que lideró contra la esclavitud. Un par de retratos ovalados acolchados de Nat y Cherry Turner (2018) agregan una dimensión significativa a esta narrativa, considerando el papel de un matrimonio en los eventos históricos.</p>



<p>Esta exposición es presentada por Art + Practice en colaboración con el Museo de Arte de Baltimore (BMA) y está comisariada por Cecilia Wichmann, Curadora Asociada de Arte Contemporáneo en The BMA.</p>
